{"id":131,"date":"2025-07-20T10:14:50","date_gmt":"2025-07-20T08:14:50","guid":{"rendered":"https:\/\/www.ruiken-horn.net\/?page_id=131"},"modified":"2025-07-20T10:27:35","modified_gmt":"2025-07-20T08:27:35","slug":"agb","status":"publish","type":"page","link":"https:\/\/www.ruiken-horn.eu\/index.php\/agb\/","title":{"rendered":"AGB"},"content":{"rendered":"<p>[et_pb_section fb_built=&#8220;1&#8243; theme_builder_area=&#8220;post_content&#8220; _builder_version=&#8220;4.27.4&#8243; _module_preset=&#8220;default&#8220;][et_pb_row _builder_version=&#8220;4.27.4&#8243; _module_preset=&#8220;default&#8220; theme_builder_area=&#8220;post_content&#8220;][et_pb_column _builder_version=&#8220;4.27.4&#8243; _module_preset=&#8220;default&#8220; type=&#8220;4_4&#8243; theme_builder_area=&#8220;post_content&#8220;][et_pb_text _builder_version=&#8220;4.27.4&#8243; _module_preset=&#8220;default&#8220; theme_builder_area=&#8220;post_content&#8220; hover_enabled=&#8220;0&#8243; sticky_enabled=&#8220;0&#8243;]<\/p>\n<div style=\"box-sizing: border-box; color: #555555; font-family: Verdana, Geneva, sans-serif, Arial, Helvetica, sans-serif; font-size: 14px; font-style: normal; font-variant-ligatures: normal; font-variant-caps: normal; font-weight: 300; letter-spacing: normal; orphans: 2; text-align: start; text-indent: 0px; text-transform: none; widows: 2; word-spacing: 0px; -webkit-text-stroke-width: 0px; white-space: normal; background-color: #ffffff; text-decoration-thickness: initial; text-decoration-style: initial; text-decoration-color: initial;\">\n<h1 class=\"\u00dcberschrift-1 P-1\" style=\"box-sizing: border-box; margin-top: 0px; margin-bottom: 0.5rem; font-weight: 300; line-height: 1.6em; color: #555555; font-size: 40px; text-transform: none; font-family: Quicksand, Arial, Helvetica, sans-serif;\"><span class=\"C-1\" style=\"box-sizing: border-box;\">Allgemeine Gesch\u00e4ftsbedingungen<\/span><\/h1>\n<\/div>\n<div class=\"OBJ-1\" style=\"box-sizing: border-box; color: #555555; font-family: Verdana, Geneva, sans-serif, Arial, Helvetica, sans-serif; font-size: 14px; font-style: normal; font-variant-ligatures: normal; font-variant-caps: normal; font-weight: 300; letter-spacing: normal; orphans: 2; text-align: start; text-indent: 0px; text-transform: none; widows: 2; word-spacing: 0px; -webkit-text-stroke-width: 0px; white-space: normal; background-color: #ffffff; text-decoration-thickness: initial; text-decoration-style: initial; text-decoration-color: initial;\">\n<p class=\"K_rper\" style=\"box-sizing: border-box; margin-top: 0px; margin-bottom: 1rem;\"><span class=\"C-2\" style=\"box-sizing: border-box; font-family: verdana, geneva;\">\u00a71 Geltung gegen\u00fcber Unternehmern und Begriffsdefinitionen<\/span><\/p>\n<p class=\"K_rper\" style=\"box-sizing: border-box; margin-top: 0px; margin-bottom: 1rem;\"><span class=\"C-2\" style=\"box-sizing: border-box; font-family: verdana, geneva;\">(1) Die nachfolgenden Allgemeinen Gesch\u00e4ftbedingungen gelten f\u00fcr alle Lieferungen zwischen uns und einem Verbraucher in ihrer zum Zeitpunkt der Bestellung g\u00fcltigen Fassung.<\/span><\/p>\n<p class=\"K_rper\" style=\"box-sizing: border-box; margin-top: 0px; margin-bottom: 1rem;\"><span class=\"C-2\" style=\"box-sizing: border-box; font-family: verdana, geneva;\">(2) \u201eVerbraucher\u201c in Sinne dieser Gesch\u00e4ftsbedingungen ist jede nat\u00fcrliche Person, die ein Rechtsgesch\u00e4ft zu einem Zwecke abschlie\u00dft, der weder ihrer gewerblichen noch ihrer selbst\u00e4ndigen beruflichen T\u00e4tigkeit zugerechnet werden kann.<\/span><\/p>\n<p class=\"K_rper\" style=\"box-sizing: border-box; margin-top: 0px; margin-bottom: 1rem;\">\n<p class=\"K_rper\" style=\"box-sizing: border-box; margin-top: 0px; margin-bottom: 1rem;\"><span class=\"C-2\" style=\"box-sizing: border-box; font-family: verdana, geneva;\">\u00a72 Zustandekommen eines Vertrages, Speicherung des Vertragstextes<\/span><\/p>\n<p class=\"K_rper\" style=\"box-sizing: border-box; margin-top: 0px; margin-bottom: 1rem;\"><span class=\"C-2\" style=\"box-sizing: border-box; font-family: verdana, geneva;\">(1) Die folgenden Regelungen \u00fcber den Vertragsabschluss gelten f\u00fcr Bestellungen \u00fcber unseren Internetshop<span>\u00a0<\/span><a href=\"http:\/\/www.ruiken-\/\" style=\"box-sizing: border-box; color: #222222; text-decoration: none !important; transition: color 400ms, background-color 400ms;\">http:\/\/www.ruiken-<\/a><wbr style=\"box-sizing: border-box;\" \/>horn.de .<\/span><\/p>\n<p class=\"K_rper\" style=\"box-sizing: border-box; margin-top: 0px; margin-bottom: 1rem;\"><span class=\"C-2\" style=\"box-sizing: border-box; font-family: verdana, geneva;\">(2) Im Falle des Vertragsschlusses kommt der Vertrag mit<br style=\"box-sizing: border-box;\" \/><\/span><\/p>\n<p class=\"K_rper\" style=\"box-sizing: border-box; margin-top: 0px; margin-bottom: 1rem;\"><span class=\"C-2\" style=\"box-sizing: border-box; font-family: verdana, geneva;\">Ruiken &amp; Horn GbR<\/span><\/p>\n<p class=\"K_rper\" style=\"box-sizing: border-box; margin-top: 0px; margin-bottom: 1rem;\"><span class=\"C-2\" style=\"box-sizing: border-box; font-family: verdana, geneva;\">Am Oertel 12<\/span><\/p>\n<p class=\"K_rper\" style=\"box-sizing: border-box; margin-top: 0px; margin-bottom: 1rem;\"><span class=\"C-2\" style=\"box-sizing: border-box; font-family: verdana, geneva;\">D-<wbr style=\"box-sizing: border-box;\" \/>28832 Achim<\/span><\/p>\n<p class=\"K_rper\" style=\"box-sizing: border-box; margin-top: 0px; margin-bottom: 1rem;\"><span class=\"C-2\" style=\"box-sizing: border-box; font-family: verdana, geneva;\">zustande<br style=\"box-sizing: border-box;\" \/><\/span><\/p>\n<p class=\"K_rper\" style=\"box-sizing: border-box; margin-top: 0px; margin-bottom: 1rem;\"><span class=\"C-2\" style=\"box-sizing: border-box; font-family: verdana, geneva;\">(3) Die Pr\u00e4sentation der Waren in unserem Internetshop stellen kein rechtlich bindendes Vertragsangebot unsererseits dar, sondern sind nur eine unverbindliche Aufforderungen an den Verbraucher, Waren zu bestellen. Mit der Bestellung der gew\u00fcnschten Ware gibt der Verbraucher ein f\u00fcr ihn verbindliches Angebot auf Abschluss eines Kaufvertrages ab.<\/span><\/p>\n<p class=\"K_rper\" style=\"box-sizing: border-box; margin-top: 0px; margin-bottom: 1rem;\"><span class=\"C-2\" style=\"box-sizing: border-box; font-family: verdana, geneva;\">(4) Bei Eingang einer Bestellung in unserem Internetshop gelten folgende Regelungen: Der Verbraucher gibt ein bindendes Vertragsangebot ab, indem er die in unserem Internetshop vorgesehene Bestellprozedur erfolgreich durchl\u00e4uft.<\/span><\/p>\n<p class=\"K_rper\" style=\"box-sizing: border-box; margin-top: 0px; margin-bottom: 1rem;\"><span class=\"C-2\" style=\"box-sizing: border-box; font-family: verdana, geneva;\">Die Bestellung erfolgt in folgenden Schritten:<\/span><\/p>\n<p class=\"K_rper\" style=\"box-sizing: border-box; margin-top: 0px; margin-bottom: 1rem;\"><span class=\"C-2\" style=\"box-sizing: border-box; font-family: verdana, geneva;\">1) Auswahl der gew\u00fcnschten Ware<\/span><\/p>\n<p class=\"K_rper\" style=\"box-sizing: border-box; margin-top: 0px; margin-bottom: 1rem;\"><span class=\"C-2\" style=\"box-sizing: border-box; font-family: verdana, geneva;\">2) Best\u00e4tigen durch Anklicken der Buttons \u201eBestellen\u201c<\/span><\/p>\n<p class=\"K_rper\" style=\"box-sizing: border-box; margin-top: 0px; margin-bottom: 1rem;\"><span class=\"C-2\" style=\"box-sizing: border-box; font-family: verdana, geneva;\">3) Aktive Eingabe der zu bestellenden Waren.<\/span><\/p>\n<p class=\"K_rper\" style=\"box-sizing: border-box; margin-top: 0px; margin-bottom: 1rem;\"><span class=\"C-2\" style=\"box-sizing: border-box; font-family: verdana, geneva;\">4) Pr\u00fcfen der Bestellung.<\/span><\/p>\n<p class=\"K_rper\" style=\"box-sizing: border-box; margin-top: 0px; margin-bottom: 1rem;\"><span class=\"C-2\" style=\"box-sizing: border-box; font-family: verdana, geneva;\">5) Abschicken des Bestellformulars per Mailform.<\/span><\/p>\n<p class=\"K_rper\" style=\"box-sizing: border-box; margin-top: 0px; margin-bottom: 1rem;\">\n<p class=\"K_rper\" style=\"box-sizing: border-box; margin-top: 0px; margin-bottom: 1rem;\"><span class=\"C-2\" style=\"box-sizing: border-box; font-family: verdana, geneva;\">Der Verbraucher kann vor dem verbindlichen Absenden der Bestellung durch Bet\u00e4tigen der in dem von ihm verwendeten Internet-<wbr style=\"box-sizing: border-box;\" \/>Browser enthaltenen \u201eZur\u00fcck\u201cTaste nach Kontrolle seiner Angaben wieder zu der Internetseite gelangen, auf der die Angaben des Kunden erfasst werden und Eingabefehler berichtigen bzw. durch Schlie\u00dfen des Internetbrowsers den Bestellvorgang abbrechen. Wir best\u00e4tigen den Eingang der Bestellung unmittelbar durch eine automatisch generierte E-<wbr style=\"box-sizing: border-box;\" \/>Mail (\u201eAuftragsbest\u00e4tigung\u201c). Mit dieser nehmen wir Ihr Angebot an.<\/span><\/p>\n<p class=\"K_rper\" style=\"box-sizing: border-box; margin-top: 0px; margin-bottom: 1rem;\">\n<p class=\"K_rper\" style=\"box-sizing: border-box; margin-top: 0px; margin-bottom: 1rem;\"><span class=\"C-2\" style=\"box-sizing: border-box; font-family: verdana, geneva;\">(5) Speicherung des Vertragstextes bei Bestellungen \u00fcber unseren Internetshop : Wir senden Ihnen die Bestelldaten und unsere AGB per E-<wbr style=\"box-sizing: border-box;\" \/>Mail zu. Die AGB k\u00f6nnen Sie jederzeit auch unter http:\/\/www.ruiken-horn.de\/ einsehen. Ihre Bestelldaten sind aus Sicherheitsgr\u00fcnden nicht mehr \u00fcber das Internet zug\u00e4nglich.<\/span><\/p>\n<p class=\"K_rper\" style=\"box-sizing: border-box; margin-top: 0px; margin-bottom: 1rem;\">\n<p class=\"K_rper\" style=\"box-sizing: border-box; margin-top: 0px; margin-bottom: 1rem;\"><span class=\"C-2\" style=\"box-sizing: border-box; font-family: verdana, geneva;\">\u00a73 Preise, Versandkosten, Zahlung, F\u00e4lligkeit<\/span><\/p>\n<p class=\"K_rper\" style=\"box-sizing: border-box; margin-top: 0px; margin-bottom: 1rem;\"><span class=\"C-2\" style=\"box-sizing: border-box; font-family: verdana, geneva;\">(1) Die angegebenen Preise enthalten die gesetzliche Umsatzsteuer und sonstige Preisbestandteile. Hinzu kommen etwaige Versandkosten.<br style=\"box-sizing: border-box;\" \/><\/span><\/p>\n<p class=\"K_rper\" style=\"box-sizing: border-box; margin-top: 0px; margin-bottom: 1rem;\"><span class=\"C-2\" style=\"box-sizing: border-box; font-family: verdana, geneva;\">(2) Der Verbraucher hat die M\u00f6glichkeit der Zahlung per Vorkasse, Nachnahme, PayPal .<\/span><\/p>\n<p class=\"K_rper\" style=\"box-sizing: border-box; margin-top: 0px; margin-bottom: 1rem;\"><span class=\"C-2\" style=\"box-sizing: border-box; font-family: verdana, geneva;\">(3) Hat der Verbraucher die Zahlung per Vorkasse gew\u00e4hlt, so verpflichtet er sich, den Kaufpreis unverz\u00fcglich nach Vertragsschluss zu zahlen.<\/span><\/p>\n<p class=\"K_rper\" style=\"box-sizing: border-box; margin-top: 0px; margin-bottom: 1rem;\"><span class=\"C-2\" style=\"box-sizing: border-box; font-family: verdana, geneva;\">Soweit wir per Nachnahme liefern, tritt die F\u00e4lligkeit der Kaufpreisforderung mit Erhalt der Ware ein.<\/span><\/p>\n<p class=\"K_rper\" style=\"box-sizing: border-box; margin-top: 0px; margin-bottom: 1rem;\">\n<p class=\"K_rper\" style=\"box-sizing: border-box; margin-top: 0px; margin-bottom: 1rem;\"><span class=\"C-2\" style=\"box-sizing: border-box; font-family: verdana, geneva;\">\u00a74 Lieferung<\/span><\/p>\n<p class=\"K_rper\" style=\"box-sizing: border-box; margin-top: 0px; margin-bottom: 1rem;\"><span class=\"C-2\" style=\"box-sizing: border-box; font-family: verdana, geneva;\">(1) Sofern wir dies in der Produktbeschreibung nicht deutlich anders angegeben haben, sind alle von uns angebotenen Artikel sofort versandfertig.<\/span><\/p>\n<p class=\"K_rper\" style=\"box-sizing: border-box; margin-top: 0px; margin-bottom: 1rem;\"><span class=\"C-2\" style=\"box-sizing: border-box; font-family: verdana, geneva;\">(2) Hat der Verbraucher die Zahlung per Vorkasse gew\u00e4hlt, so versenden wir die Ware nicht vor Zahlungseingang.<\/span><\/p>\n<p class=\"K_rper\" style=\"box-sizing: border-box; margin-top: 0px; margin-bottom: 1rem;\">\n<p class=\"K_rper\" style=\"box-sizing: border-box; margin-top: 0px; margin-bottom: 1rem;\"><span class=\"C-2\" style=\"box-sizing: border-box; font-family: verdana, geneva;\">\u00a75 Eigentumsvorbehalt<\/span><\/p>\n<p class=\"K_rper\" style=\"box-sizing: border-box; margin-top: 0px; margin-bottom: 1rem;\"><span class=\"C-2\" style=\"box-sizing: border-box; font-family: verdana, geneva;\">Wir behalten uns das Eigentum an der Ware bis zur vollst\u00e4ndigen Bezahlung des Kaufpreises vor.<\/span><\/p>\n<p class=\"K_rper\" style=\"box-sizing: border-box; margin-top: 0px; margin-bottom: 1rem;\"><span class=\"C-2\" style=\"box-sizing: border-box; font-family: verdana, geneva;\">\u00a76 R\u00fcckgaberecht<\/span><\/p>\n<p class=\"K_rper\" style=\"box-sizing: border-box; margin-top: 0px; margin-bottom: 1rem;\"><span class=\"C-2\" style=\"box-sizing: border-box; font-family: verdana, geneva;\">R\u00fcckgabebelehrung<\/span><\/p>\n<p class=\"K_rper\" style=\"box-sizing: border-box; margin-top: 0px; margin-bottom: 1rem;\">\n<p class=\"K_rper\" style=\"box-sizing: border-box; margin-top: 0px; margin-bottom: 1rem;\"><span class=\"C-2\" style=\"box-sizing: border-box; font-family: verdana, geneva;\">R\u00fcckgaberecht<\/span><\/p>\n<p class=\"K_rper\" style=\"box-sizing: border-box; margin-top: 0px; margin-bottom: 1rem;\">\n<p class=\"K_rper\" style=\"box-sizing: border-box; margin-top: 0px; margin-bottom: 1rem;\"><span class=\"C-2\" style=\"box-sizing: border-box; font-family: verdana, geneva;\">Sie k\u00f6nnen die erhaltene Ware ohne Angabe von Gr\u00fcnden innerhalb von 14 Tagen durch R\u00fccksendung der Ware zur\u00fcckgeben. Die Frist beginnt nach Erhalt dieser Belehrung in Textform (z.B. als Brief, Fax, E-<wbr style=\"box-sizing: border-box;\" \/>Mail), jedoch nicht vor Eingang der Ware beim Empf\u00e4nger (bei der wiederkehrenden Lieferung gleichartiger Waren nicht vor Eingang der ersten Teillieferung) und auch nicht vor Erf\u00fcllung unserer Informationspflichten gem\u00e4\u00df Artikel 246 \u00a7 2 in Verbindung mit \u00a7 1 Abs. 1 und 2 EGBGB sowie unserer Pflichten gem\u00e4\u00df \u00a7 312g Abs. 1 Satz 1 BGB in Verbindung mit Artikel 246 \u00a7 3 EGBGB. Nur bei nicht paketversandf\u00e4higer Ware (z.B. bei sperrigen G\u00fctern) k\u00f6nnen Sie die R\u00fcckgabe auch durch R\u00fccknahmeverlangen in Textform erkl\u00e4ren. Zur Wahrung der Frist gen\u00fcgt die rechtzeitige Absendung der Ware oder des R\u00fccknahmeverlangens.<\/span><\/p>\n<p class=\"K_rper\" style=\"box-sizing: border-box; margin-top: 0px; margin-bottom: 1rem;\">\n<p class=\"K_rper\" style=\"box-sizing: border-box; margin-top: 0px; margin-bottom: 1rem;\"><span class=\"C-2\" style=\"box-sizing: border-box; font-family: verdana, geneva;\">Die R\u00fccksendung oder das R\u00fccknahmeverlangen hat zu erfolgen an:<\/span><\/p>\n<p class=\"K_rper\" style=\"box-sizing: border-box; margin-top: 0px; margin-bottom: 1rem;\">\n<p class=\"K_rper\" style=\"box-sizing: border-box; margin-top: 0px; margin-bottom: 1rem;\"><span class=\"C-2\" style=\"box-sizing: border-box; font-family: verdana, geneva;\">Ruiken &amp; Horn GbR<\/span><\/p>\n<p class=\"K_rper\" style=\"box-sizing: border-box; margin-top: 0px; margin-bottom: 1rem;\"><span class=\"C-2\" style=\"box-sizing: border-box; font-family: verdana, geneva;\">Am Oertel 12<\/span><\/p>\n<p class=\"K_rper\" style=\"box-sizing: border-box; margin-top: 0px; margin-bottom: 1rem;\"><span class=\"C-2\" style=\"box-sizing: border-box; font-family: verdana, geneva;\">D-<wbr style=\"box-sizing: border-box;\" \/>28832 Achim<\/span><\/p>\n<p class=\"K_rper\" style=\"box-sizing: border-box; margin-top: 0px; margin-bottom: 1rem;\">\n<p class=\"K_rper\" style=\"box-sizing: border-box; margin-top: 0px; margin-bottom: 1rem;\"><span class=\"C-2\" style=\"box-sizing: border-box; font-family: verdana, geneva;\">E-<wbr style=\"box-sizing: border-box;\" \/>Mail<span>\u00a0<\/span><span class=\"C-2\" style=\"box-sizing: border-box;\">werner.horn@ruiken-<wbr style=\"box-sizing: border-box;\" \/>horn.de<\/span><\/span><\/p>\n<p style=\"box-sizing: border-box; margin-top: 0px; margin-bottom: 1rem;\">\n<p style=\"box-sizing: border-box; margin-top: 0px; margin-bottom: 1rem;\"><span class=\"C-2\" style=\"box-sizing: border-box;\">R\u00fcckgabefolgen<\/span><\/p>\n<p style=\"box-sizing: border-box; margin-top: 0px; margin-bottom: 1rem;\">\n<p class=\"K_rper\" style=\"box-sizing: border-box; margin-top: 0px; margin-bottom: 1rem;\"><span class=\"C-2\" style=\"box-sizing: border-box;\">Im Falle einer wirksamen R\u00fcckgabe sind die beiderseits empfangenen Leistungen zur\u00fcckgew\u00e4hren und ggf. gezogene Nutzungen herauszugeben. Bei einer Verschlechterung der Sache und f\u00fcr Nutzungen (z.B. Gebrauchsvorteile), die nicht oder teilweise nicht oder nur im verschlechtertem Zustand herausgegeben werden k\u00f6nnen, m\u00fcssen Sie uns insoweit Wertersatz leisten. F\u00fcr die Verschlechterung der Sache m\u00fcssen Sie Wertersatz nur leisten, soweit die Verschlechterung auf einen Umgang mit der Sache zur\u00fcckzuf\u00fchren ist, der \u00fcber die Pr\u00fcfung der Eigenschaften und der Funktionsweise hinausgeht. Unter \u201ePr\u00fcfung der Eigenschaften und Funktionsweise\u201c versteht man das Testen und Ausprobieren der jeweiligen Ware, wie es etwa im Ladengesch\u00e4ft m\u00f6glich und \u00fcblich ist. Verpflichtungen zur Erstattung von Zahlungen m\u00fcssen innerhalb von 30 Tagen erf\u00fcllt werden. Die Frist beginnt f\u00fcr Sie mit der Absendung der Ware oder des R\u00fccknahmeverlangens, f\u00fcr uns mit dem Empfang.<\/span><\/p>\n<p class=\"K_rper\" style=\"box-sizing: border-box; margin-top: 0px; margin-bottom: 1rem;\">\n<p class=\"K_rper\" style=\"box-sizing: border-box; margin-top: 0px; margin-bottom: 1rem;\"><span class=\"C-2\" style=\"box-sizing: border-box;\">Ende der R\u00fcckgabebelehrung<\/span><\/p>\n<p class=\"K_rper\" style=\"box-sizing: border-box; margin-top: 0px; margin-bottom: 1rem;\">\n<p class=\"K_rper\" style=\"box-sizing: border-box; margin-top: 0px; margin-bottom: 1rem;\"><span class=\"C-2\" style=\"box-sizing: border-box;\">\u00a77 Vertragsprache<\/span><\/p>\n<p class=\"K_rper\" style=\"box-sizing: border-box; margin-top: 0px; margin-bottom: 1rem;\"><span class=\"C-2\" style=\"box-sizing: border-box;\">Als Vertragssprache steht ausschlie\u00dflich Deutsch zur Verf\u00fcgung.<\/span><\/p>\n<p style=\"box-sizing: border-box; margin-top: 0px; margin-bottom: 1rem;\">\n<p class=\"K_rper\" style=\"box-sizing: border-box; margin-top: 0px; margin-bottom: 1rem;\"><span class=\"C-2\" style=\"box-sizing: border-box;\">\u00a78 Kundendienst<\/span><\/p>\n<p class=\"K_rper\" style=\"box-sizing: border-box; margin-top: 0px; margin-bottom: 1rem;\"><span class=\"C-2\" style=\"box-sizing: border-box;\">Unseren Kundendienst f\u00fcr Fragen, Reklamationen und Beanstandungen kontaktieren sie uns bitter per E-<wbr style=\"box-sizing: border-box;\" \/>Mail.<\/span><\/p>\n<p class=\"K_rper\" style=\"box-sizing: border-box; margin-top: 0px; margin-bottom: 1rem;\"><span class=\"C-2\" style=\"box-sizing: border-box;\">E-<wbr style=\"box-sizing: border-box;\" \/>Mail:\u00a0info@ruiken-<wbr style=\"box-sizing: border-box;\" \/>horn.de<\/span><\/p>\n<p style=\"box-sizing: border-box; margin-top: 0px; margin-bottom: 1rem;\">\n<p class=\"K_rper\" style=\"box-sizing: border-box; margin-top: 0px; margin-bottom: 1rem;\"><span class=\"C-2\" style=\"box-sizing: border-box;\">Stand der AGB M\u00e4rz 2018<\/span><\/p>\n<p class=\"K_rper\" style=\"box-sizing: border-box; margin-top: 0px; margin-bottom: 1rem;\">\n<p class=\"K_rper\" style=\"box-sizing: border-box; margin-top: 0px; margin-bottom: 1rem;\"><span class=\"C-2\" style=\"box-sizing: border-box;\">Gratis AGB erstellt von<span>\u00a0<\/span><\/span><a href=\"http:\/\/www.agb.de\/\" style=\"box-sizing: border-box; color: #222222; text-decoration: none !important; transition: color 400ms, background-color 400ms;\"><span class=\"C-3\" style=\"box-sizing: border-box;\">http:\/\/www.agb.de\/<\/span><\/a><\/p>\n<\/div>\n<p>[\/et_pb_text][\/et_pb_column][\/et_pb_row][\/et_pb_section]<\/p>\n","protected":false},"excerpt":{"rendered":"<p>Allgemeine Gesch\u00e4ftsbedingungen \u00a71 Geltung gegen\u00fcber Unternehmern und Begriffsdefinitionen (1) Die nachfolgenden Allgemeinen Gesch\u00e4ftbedingungen gelten f\u00fcr alle Lieferungen zwischen uns und einem Verbraucher in ihrer zum Zeitpunkt der Bestellung g\u00fcltigen Fassung. (2) \u201eVerbraucher\u201c in Sinne dieser Gesch\u00e4ftsbedingungen ist jede nat\u00fcrliche Person, die ein Rechtsgesch\u00e4ft zu einem Zwecke abschlie\u00dft, der weder ihrer gewerblichen noch ihrer selbst\u00e4ndigen beruflichen [&hellip;]<\/p>\n","protected":false},"author":1,"featured_media":0,"parent":0,"menu_order":0,"comment_status":"closed","ping_status":"closed","template":"","meta":{"_et_pb_use_builder":"on","_et_pb_old_content":"","_et_gb_content_width":"","footnotes":""},"class_list":["post-131","page","type-page","status-publish","hentry"],"_links":{"self":[{"href":"https:\/\/www.ruiken-horn.eu\/index.php\/wp-json\/wp\/v2\/pages\/131","targetHints":{"allow":["GET"]}}],"collection":[{"href":"https:\/\/www.ruiken-horn.eu\/index.php\/wp-json\/wp\/v2\/pages"}],"about":[{"href":"https:\/\/www.ruiken-horn.eu\/index.php\/wp-json\/wp\/v2\/types\/page"}],"author":[{"embeddable":true,"href":"https:\/\/www.ruiken-horn.eu\/index.php\/wp-json\/wp\/v2\/users\/1"}],"replies":[{"embeddable":true,"href":"https:\/\/www.ruiken-horn.eu\/index.php\/wp-json\/wp\/v2\/comments?post=131"}],"version-history":[{"count":4,"href":"https:\/\/www.ruiken-horn.eu\/index.php\/wp-json\/wp\/v2\/pages\/131\/revisions"}],"predecessor-version":[{"id":144,"href":"https:\/\/www.ruiken-horn.eu\/index.php\/wp-json\/wp\/v2\/pages\/131\/revisions\/144"}],"wp:attachment":[{"href":"https:\/\/www.ruiken-horn.eu\/index.php\/wp-json\/wp\/v2\/media?parent=131"}],"curies":[{"name":"wp","href":"https:\/\/api.w.org\/{rel}","templated":true}]}}